ase 10, what is 219965 + 6?
219971
In base 9, what is -88070 + 3?
-88066
In base 4, what is -121101001 + -33?
-121101100
In base 2, what is -101 - -11001101100010000?
11001101100001011
In base 3, what is 10 - 1020011212202?
-1020011212122
In base 4, what is 21010233 - 1?
21010232
In base 11, what is 212 - 3934?
-3722
In base 3, what is -12 + 1201110220000?
1201110212211
In base 16, what is -5 + -4099?
-409e
In base 11, what is -567 - -1013?
557
In base 12, what is -4 + -b4646?
-b464a
In base 15, what is -2 + -490dc?
-490de
In base 14, what is -9 - -38?
2d
In base 3, what is 2001 - 20001110?
-12222102
In base 16, what is 2 - 3377a?
-33778
In base 7, what is 4 + -20404?
-20400
In base 14, what is -1d - 1bc8?
-1c07
In base 13, what is 7b26b + 5?
7b273
In base 5, what is 22444224 - 1?
22444223
In base 6, what is -214132 - 31?
-214203
In base 4, what is -2 - -201122310?
201122302
In base 2, what is 10000010000100 - 101?
10000001111111
In base 7, what is -500136 + -22?
-500161
In base 6, what is -51 - -1331?
1240
In base 10, what is 13667 - 0?
13667
In base 15, what is 5 + -1396e?
-13969
In base 4, what is -3 - -10133221?
10133212
In base 6, what is 53153204 + 5?
53153213
In base 16, what is -a7094 + 5?
-a708f
In base 4, what is 2 - 3023000?
-3022332
In base 11, what is -2 + 871086?
871084
In base 2, what is -10100101110000 - 10110?
-10100110000110
In base 10, what is -1 - -29955?
29954
In base 4, what is -103231203 + 113?
-103231030
In base 4, what is 3 + -211031101?
-211031032
In base 6, what is -132214 + 204?
-132010
In base 9, what is 3 + 25046?
25050
In base 2, what is 100 + 11111001101001?
11111001101101
In base 5, what is -2220030132 + 4?
-2220030123
In base 7, what is -25562531 - 4?
-25562535
In base 16, what is ce + 5c?
12a
In base 8, what is 1431 - 3031?
-1400
In base 4, what is 22010113113 - -1?
22010113120
In base 10, what is -2 - 15343?
-15345
In base 4, what is 21202 - 1100?
20102
In base 10, what is -1 - -1187?
1186
In base 11, what is -10a4a - 1?
-10a50
In base 13, what is 11 + -1b343?
-1b332
In base 12, what is -b + 2008?
1bb9
In base 13, what is -a + 63221?
63214
In base 14, what is 1006 + 36?
103c
In base 2, what is -1 - -100111010101110101?
100111010101110100
In base 6, what is -111 + 320230?
320115
In base 7, what is 14 - -66230?
66244
In base 4, what is -222 - 2331?
-3213
In base 8, what is -356 + 3720?
3342
In base 7, what is -1 - 4630210?
-4630211
In base 7, what is 11 + -264213?
-264202
In base 13, what is -34 + -3c9?
-430
In base 7, what is -605425 - 0?
-605425
In base 5, what is 12 - -2213021?
2213033
In base 11, what is 5 - 76?
-71
In base 4, what is 10 - 303221112?
-303221102
In base 3, what is 210 - -2122102112?
2122110022
In base 16, what is -6f93 + -1b?
-6fae
In base 15, what is 11820 + 3?
11823
In base 9, what is -26 - -380?
353
In base 12, what is -1 + -65a4?
-65a5
In base 4, what is -123 - -11101?
10312
In base 12, what is 7 + 78b3?
78ba
In base 7, what is 15 + -25535?
-25520
In base 13, what is ab6 + 6?
abc
In base 9, what is 2 + -386761?
-386758
In base 6, what is -1 - -11453?
11452
In base 9, what is -301 + 278?
-12
In base 15, what is 47c1 - 4?
47bc
In base 9, what is 174252 - 3?
174248
In base 9, what is -21617 + -4?
-21622
In base 4, what is 1022300033 + -11?
1022300022
In base 7, what is -10135345 - -3?
-10135342
In base 12, what is 114b4 - -172?
11666
In base 12, what is -18233 + -7?
-1823a
In base 15, what is -2ce3 + -11e?
-2e12
In base 10, what is 939 - -532?
1471
In base 15, what is -45e + -162?
-5c1
In base 12, what is -71 - 751?
-802
In base 2, what is -11000000000010 - -10?
-11000000000000
In base 2, what is 1000000 - -1111011001010010?
1111011010010010
In base 4, what is 20 + 30303231?
30303311
In base 5, what is -4 - -33201?
33142
In base 7, what is 446341 - 25?
446313
In base 7, what is 1354330 + -1?
1354326
In base 8, what is 0 + 161031?
161031
In base 3, what is 2012002 + -101?
2011201
In base 13, what is -390886 - 3?
-390889
In base 8, what is -3476 - -14?
-3462
In base 12, what is -3b19 - 73?
-3b90
In base 11, what is -198 - 704?
-8a1
In base 3, what is -101 + -1021222101?
-1021222202
In base 16, what is 30 - -6a6b?
6a9b
In base 3, what is -100121 + -111?
-101002
In base 10, what is -86461 - 5?
-86466
In base 5, what is -13112 + -41431?
-110043
In base 13, what is -1 + -64698?
-64699
In base 7, what is 1 + 4413243?
4413244
In base 10, what is 911 + 5907?
6818
In base 7, what is 3 - -1066250?
1066253
In base 6, what is -40 - 2032250?
-2032330
In base 16, what is -40a7 + 4?
-40a3
In base 12, what is 13 - -421?
434
In base 10, what is -10977 - -161?
-10816
In base 2, what is 1110010110 + 101110?
1111000100
In base 2, what is -11001100110110 - 1001?
-11001100111111
In base 13, what is 116 - b34?
-a1b
In base 14, what is 3 + 172472?
172475
In base 16, what is -172ee + -5?
-172f3
In base 4, what is -13332210 - 0?
-13332210
In base 8, what is 11 + -1117?
-1106
In base 7, what is -136061 - -6?
-136052
In base 5, what is 1101433 + 11?
1101444
In base 10, what is 33601 - -20?
33621
In base 2, what is 101101 + -11100110101?
-11100001000
In base 16, what is -59a9 + 0?
-59a9
In base 5, what is -1 - -221203?
221202
In base 2, what is 1 + -1000110110001111?
-1000110110001110
In base 4, what is 120 + 1121331?
1122111
In base 2, what is 100010 + 101110010?
110010100
In base 9, what is -6 - -4080?
4073
In base 11, what is 17188 + -3?
17185
In base 3, what is -122002 + -22?
-122101
In base 15, what is -aedc54 + -4?
-aedc58
In base 9, what is 607 - -625?
1333
In base 2, what is 1000010010100 - 10?
1000010010010
In base 15, what is -29 - 233?
-25c
In base 13, what is -9b + -2231?
-22cc
In base 2, what is 110100010101010100 + 100?
110100010101011000
In base 13, what is 0 + 2438a?
2438a
In base 11, what is 48a2 + 191?
4a83
In base 15, what is 4d - -25a4?
2602
In base 14, what is -18c818 + 0?
-18c818
In base 10, what is -2756 + -18?
-2774
In base 10, what is -4 + -47844?
-47848
In base 16, what is -1 + -16d4?
-16d5
In base 8, what is -420465 + -4?
-420471
In base 13, what is -b - 734?
-742
In base 9, what is 0 + 25466?
25466
In base 6, what is -524 + -25?
-553
In base 9, what is -7 - 508867?
-508875
In base 16, what is 0 + 291a8?
291a8
In base 3, what is 1122102211122 - -1?
1122102211200
In base 16, what is -c + 402eb?
402df
In base 13, what is 333 + 642?
975
In base 10, what is -1 + -12708?
-12709
In base 7, what is -3 + -25440?
-25443
In base 6, what is -12232242 + 2?
-12232240
In base 10, what is 4 - 335513?
-335509
In base 14, what is 8 - -150a7?
150b1
In base 8, what is 12501 + 12?
12513
In base 7, what is -106 + -313300?
-313406
In base 10, what is 3781 + 146?
3927
In base 8, what is 43 + -1022?
-757
In base 9, what is -2246 - -10?
-2236
In base 15, what is -41b8c + 1?
-41b8b
In base 5, what is 1 + 24003432?
24003433
In base 7, what is -31 - 2242?
-2303
In base 16, what is -1c9 + -39c?
-565
In base 8, what is -5071 - 35?
-5126
In base 10, what is -4 - 11870?
-11874
In base 9, what is 784 + 147?
1042
In base 7, what is -32 + -315006?
-315041
In base 7, what is 1 - -5235626?
5235630
In base 6, what is -5 - 5343534?
-5343543
In base 9, what is 10508 - -11?
10520
In base 14, what is 5 - -3281?
3286
In base 7, what is 41 - 660?
-616
In base 2, what is -1001000 + 1110101001101?
1110100000101
In base 12, what is 54 + aa?
142
In base 13, what is -2bc - 2?
-2c1
In base 3, what is 10220 + -2002?
1211
In base 15, what is -10516 + 1?
-10515
In base 4, what is -1 + 121121210?
121121203
In base 13, what is 5 + 78c9?
7901
In base 12, what is 5 - -3a35?
3a3a
In base 2, what is -100 + -100111110011000011?
-100111110011000111
In base 11, what is 89a + -1?
899
In base 12, what is -1716a + 61?
-17109
In base 10, what is -1843 + 129?
-1714
In base 10, what is -4 - -32221?
32217
In base 12, what is -12 + 28312?
28300
In base 10, what is 8 + 3447?
3455
In base 12, what is 11103 + -3?
11100
In base 4, what is -3222 - -1321?
-1301
In base 2, what is -1101000111 - 111000?
-1101111111
In base 9, what is -4570 - -144?
-4425
In base 2, what is 11 - -110010110?
110011001
In base 11, what is 503a7 - -15?
50411
In base 8, what is 3523 - 1514?
2007
In base 16, what is 27d0 + a?
27da
In base 8, what is -67 - -11?
-56
In base 10, what is 193